-6)/(-12). Let d = -29 - l. Let t = 822 - d. Is t a composite number?
True
Suppose 18623466 + 4458244 = 74*j. Is j a composite number?
True
Suppose -7*s + 226097 = -g + 3*g, -2*s = 2*g - 226132. Is g a prime number?
False
Suppose 188777912 + 62435939 = 109*g + 58473402. Is g composite?
True
Let q be ((-1092)/(-130))/((-4)/(-1490)). Suppose -3*h = 0, 3*k - q - 132 = 4*h. Is k a composite number?
False
Let y be 88/(-33) + 22/6. Let k be 8/3*(-9)/6. Is (-1)/(y/k*(-44)/(-10109)) a prime number?
True
Suppose 403198 = 8*q - 20362. Is q prime?
False
Suppose 0 = -4*x + 16*h - 23*h + 1229818, -3*h - 614896 = -2*x. Is x a prime number?
True
Let g be -135*(160/(-15))/(-8). Let k be (3 + -2 + 0)*g/(-15). Suppose 4*z = k*z - 248. Is z prime?
True
Is (24/(-32))/(1/(-4)) + 27394 composite?
False
Suppose 36*s + 36 = 39*s. Suppose 0 = 3*g + 2*i - 19, g - i = -4 + s. Is (1/(-1))/(g/(-6377)) a prime number?
True
Suppose -1515 = -3*b + 3*k, 0*b + 475 = b + 5*k. Let z be 6/12*b/((-2)/(-1)). Let g = 216 - z. Is g prime?
False
Let b(u) = -u**3 - 48*u**2 - 135*u + 70. Is b(-57) a prime number?
False
Is ((-66621)/6)/(11/(-22)) a prime number?
False
Suppose -7*s + 25 = -12*s, 3*g = 3*s. Let y(x) = 67*x + 12. Let t(r) = -268*r - 48. Let z(n) = -2*t(n) - 9*y(n). Is z(g) a prime number?
False
Suppose 0 = -3*z + z - 36. Let q be ((-19140)/z)/(-5) - 4/(-6). Let k = 419 - q. Is k composite?
False
Let r(q) = 1624*q**3 - 79*q**2 + 319*q + 1. Is r(4) prime?
False
Suppose -2*u - 5*y + 122 = -4*y, -6 = -3*y. Let h be 30/(-25)*u/(-9). Suppose -h*r = -3*r - 695. Is r a composite number?
False
Let w be (-18)/(-3) + (-48)/8. Suppose -5*j = -5*y + 27680, w = -4*j - 4 - 8. Is y a composite number?
True
Let f(p) = -11*p - 13. Let v be f(-5). Let s be -41*(3 + (-2 - v)). Suppose 96 = j - s. Is j a prime number?
True
Let j be 18*4*(-150)/(-48). Let f = j - -340. Is f a prime number?
False
Let a = 6499 - 12727. Let y = -2113 - a. Let o = y - 2458. Is o a composite number?
False
Let u be (-237)/24 + (-8)/64. Let x(d) = d**3 + 11*d**2 - d + 4. Let g be x(u). Let k = 87 + g. Is k a composite number?
True
Let c = 1310820 + -130109. Is c a composite number?
True
Let u = 26 + 82. Let w = 235 - u. Is w a composite number?
False
Suppose 6*d + 32 = 14*d. Suppose 3*w - 12 + d = -2*g, w = -4*g + 16. Let u(r) = 36*r**2 - 3*r - 10. Is u(g) composite?
True
Suppose -2*y + 109894 + 867516 = 5*v, 4*v = -4*y + 781928. Suppose 2*r + 4*a = 60870, 5*r - 5*a - v = -43367. Is r prime?
True
Let f be 4/(-2) - 21/(-1). Let j(l) = -2*l**3 - 2*l**2 + 3*l + 10503. Let r be j(0). Suppose f*c - r = 10*c. Is c prime?
False
Let w(k) = 618*k**2 + 5*k - 4. Let d be 589/(-114) + -2 + (-26)/(-12). Is w(d) a composite number?
True
Suppose 3*u = 2*u + 7. Is (-12274)/(-14) + 2*u/49 composite?
False
Let z = -6262 + 9666. Suppose 0 = -22*g + 26*g - z. Is g a prime number?
False
Suppose 19*k + 10*k - 133 = 10*k. Suppose -5*r = -2*p - 2*p - 28685, r + 5*p = 5708. Suppose -700 - r = -k*z. Is z prime?
True
Let z = 2212 - 740. Suppose -4*b + z = -3*b - 3*t, -3*b + 5*t = -4428. Is b a composite number?
False
Suppose -853633 = -163*p + 1432116. Is p composite?
True
Let r = 446994 + -41143. Is r a prime number?
False
Let d be (5 + -5)/4 + 8. Suppose 3*g - 7*g = -138128. Is g/d + (-2)/(-4) a prime number?
False
Let s(b) = -4*b - 10. Let w be s(4). Let y = w - -31. Is y/((-5)/(-191)) - 4 a composite number?
True
Let c(v) = -31*v**2 - 4*v + 4. Let j(a) = -a - 11. Let x be j(-13). Let b be c(x). Let m = b + 277. Is m a prime number?
True
Suppose 985 = 3*d + 2*r - 1187, 0 = -d + 3*r + 735. Let p = d - 314. Suppose 2*s + p = 1174. Is s composite?
True
Is (-2*75657)/((-440)/220) prime?
False
Suppose -3*i - 9310 = -4*l, 59*l - 4*i = 54*l + 11639. Is l prime?
False
Suppose 11*f - 46890 = -79*f. Is f a composite number?
False
Suppose 0 = 4*i + 70 - 14. Suppose u - g = -3*g + 29, 4*g = 4*u - 116. Let o = i + u. Is o a prime number?
False
Let a = 146 - 145. Is 1/((-4304)/4306 + a) a composite number?
False
Let h be ((-778)/3)/(24/(-36)). Suppose -381 = -7*x + 4*x. Let l = h - x. Is l a composite number?
True
Let m = 6 - 1. Suppose 0 = -q - 2*z - 66 + 280, 3*q - 639 = -m*z. Suppose -5*p - q = -b, 3*b + b - 904 = -4*p. Is b a composite number?
False
Suppose -538*y + 1757813 = -533*y + f, -5*y - 2*f + 1757811 = 0. Is y a prime number?
True
Suppose 4*z - 2270526 = -2*t, 6*z + t = 47730 + 3358057. Is z composite?
False
Let z(k) = 5*k - 14. Let q be z(10). Let u be (1/(-3))/((-6)/q). Suppose -2*f + 3*y + 2562 = y, 4 = u*y. Is f a composite number?
False
Suppose 3*w = -4*b - 0*w + 285605, 15 = -3*w. Suppose 0 = 2*p + 3*p - b. Is p a composite number?
False
Let w be (2 + -2 - -141)*480/18. Suppose -3*o = -3*k + w - 24967, 0 = -4*o + 2*k + 28276. Is o a composite number?
False
Let r(i) = 741*i**2 + 39*i + 8. Let w be r(-4). Suppose -116*j + 120*j - w = 0. Is j a prime number?
True
Let o be 21*(2 + -1)*(5 + 4). Suppose 0 = j + 4*h - 127, -2*j + 0*j = -5*h - o. Let g = j - -42. Is g composite?
False
Let n be -266*2/(7 + -3). Let q be n/3 - (-6)/18. Let u = q - -123. Is u a prime number?
True
Let l be (30/9)/(2 + 4/(-3)). Suppose 14 = -l*j + 12*j. Suppose -5271 = -j*f - f. Is f a prime number?
False
Suppose 0 = -3*f + 1273 + 15905. Let w = 17919 - f. Let g = -7772 + w. Is g prime?
True
Let l(s) = 15*s**2 - 3*s - 2. Let q be l(2). Let o = -50 + q. Is (-3 - 7/(-2))*(o + 872) prime?
False
Let a(t) = 109*t - 10. Let k(f) = -f**3 + 7*f**2 - 6. Let d be k(6). Suppose 10*n + 0*n = d. Is a(n) prime?
True
Let b(v) = 2*v**2 + 3*v**2 - 1 - 3*v**2. Suppose 10*t - 45 = 35. Is b(t) prime?
True
Suppose 21*t = 22*t - 4. Suppose -t*m = -g - 2993, -2*m + 425 = -4*g - 1061. Is m composite?
True
Suppose 10*k + 34 = 12*k. Suppose -k*m - 6179 = -2*c - 16*m, -c + 4*m = -3093. Is c prime?
True
Let l = -327 + 29854. Is l a prime number?
True
Let w = -322 + 326. Suppose z = w, -31*z + 27*z - 45499 = -5*u. Is u prime?
True
Let q(s) = -3*s**3 + 18*s**2 + 8*s - 2. Suppose 0 = -6*b - 2 - 46. Let h be q(b). Let n = h - 1835. Is n composite?
False
Let k = 750 - 274. Let x = k - 97. Is x prime?
True
Suppose 0 = r + 1, -3*x = -2*r + 16576 - 3423960. Is 6/51 + x/374 prime?
True
Let g be 4988*(2/(-3) + 2/12). Is -3*g/15 - (-2)/10 a prime number?
True
Suppose 189*m = -96*m + 97*m + 190878092. Is m prime?
True
Let k = -15 + 21. Suppose -o + k*b = 2*b - 11, -o + 16 = b. Suppose 320 + o = 5*y. Is y a composite number?
False
Let z = 50 + -46. Suppose z*f + 0 = 8, -3*y = 2*f + 13331. Is 3/((-4460)/y + -1) a prime number?
False
Suppose -6 = -12*t + 10*t + 4*i, -20 = -5*i. Suppose -t*h + 1114 + 1339 = 0. Is h a composite number?
False
Let c = -46 + 48. Let s be (-1)/c + 3 + 26/(-4). Let b = 63 - s. Is b a prime number?
True
Suppose -4*n + 270152 = -4*a, -3*a - 67520 = -22*n + 21*n. Is n composite?
False
Suppose -4*s + 155*s = -48*s + 15029873. Is s a composite number?
False
Let m(d) = 3*d - 43. Let w be m(13). Let f be (-2 + 2 + 3)*(5 + w). Suppose f*s + r = 7*s - 656, -3*s = 5*r - 469. Is s prime?
True
Let c = 144896 + -64449. Is c a prime number?
True
Suppose 0*m - 18080 = -20*m. Let p = -13926 + 22212. Suppose 2*z - p + m = 0. Is z prime?
True
Let d(v) = 7225*v - 60. Is d(29) a prime number?
False
Suppose 0 = k + 4*k + 2195. Let r(c) = -63*c + 43. Let i be r(11). Let z = k - i. Is z a prime number?
True
Let v = 430 + -428. Suppose 0 = -v*b + 51135 - 20257. Is b prime?
True
Let p(t) = 93*t**3 - 3*t**2 + 3*t + 3. Let m be p(-2). Let l = m - -293. Is (-6 - -5)*(-1 + 1*l) composite?
False
Suppose -10 = 2*x + y - 20, 2*y = -3*x + 16. Suppose -2*t = x*c - 7906, -t - c = t - 7912. Is t a prime number?
False
Suppose 15052720 = 12*n + 37*n - 5408553. Is n a composite number?
False
Let a = 427565 - -279128. Is a prime?
False
Let o(c) = 3572*c**3 - 19*c**2 + 36*c - 19. Is o(6) a composite number?
True
Suppose 0 = 3*u + 2*f - 10, -u - 3*f + 4 + 4 = 0. Let p(o) = 138 + 4*o + 2*o**u - 46 - 61. Is p(-13) prime?
True
Let c = -291 + 294. Is (15/50)/c - 28329/(-10) a composite number?
False
Let b = -321 + 323. Is (-5 + 77206/4)*b prime?
True
Is 1 + (19 - 13 - -276406) composite?
True
Suppose 426167 = 62*z - 97175. Is z composite?
True
Let y be 300/66 - 6/11. Suppose 0 = 5*a - v - 32169 - 19131, -y*v = a - 10281. Is